{"id":82,"date":"2025-10-23T10:37:13","date_gmt":"2025-10-23T10:37:13","guid":{"rendered":"http:\/\/emsee.fr\/?page_id=82"},"modified":"2025-11-25T13:56:33","modified_gmt":"2025-11-25T13:56:33","slug":"blog","status":"publish","type":"page","link":"https:\/\/emsee.fr\/index.php\/blog\/","title":{"rendered":"pr\u00e9sentation"},"content":{"rendered":"\n<p class=\"has-text-align-center has-didot-font-family\" style=\"font-size:clamp(2.835rem, 2.835rem + ((1vw - 0.2rem) * 4.18), 5.5rem);\">ems\u00e9e<\/p>\n\n\n\n<div class=\"wp-block-group is-content-justification-center is-nowrap is-layout-flex wp-container-core-group-is-layout-23441af8 wp-block-group-is-layout-flex\">\n<h2 class=\"wp-block-heading has-text-align-left has-medium-font-size wp-container-content-9cfa9a5a\" style=\"border-style:none;border-width:0px\"><a href=\"https:\/\/emsee.fr\/index.php\/demarche\/\">d\u00e9marche<\/a><\/h2>\n\n\n\n<h2 class=\"wp-block-heading has-text-align-center has-medium-font-size wp-container-content-9cfa9a5a\" style=\"border-style:none;border-width:0px\"><a href=\"https:\/\/emsee.fr\/index.php\/intervention\/\">intervention<\/a><\/h2>\n\n\n\n<h2 class=\"wp-block-heading has-text-align-center has-medium-font-size wp-container-content-9cfa9a5a\" style=\"border-style:none;border-width:0px\"><a href=\"https:\/\/emsee.fr\/index.php\/equipe\/\">\u00e9quipe<\/a><\/h2>\n\n\n\n<h2 class=\"wp-block-heading has-text-align-right has-medium-font-size wp-container-content-9cfa9a5a\" style=\"border-style:none;border-width:0px;margin-top:var(--wp--preset--spacing--50);margin-bottom:var(--wp--preset--spacing--50)\"><a href=\"#contact\" data-type=\"internal\" data-id=\"#contact\">contact<\/a><\/h2>\n<\/div>\n\n\n\n<div class=\"wp-block-group has-global-padding is-layout-constrained wp-block-group-is-layout-constrained\">\n<hr class=\"wp-block-separator has-alpha-channel-opacity\" style=\"margin-top:var(--wp--preset--spacing--40);margin-bottom:var(--wp--preset--spacing--40)\"\/>\n<\/div>\n\n\n\n<p class=\"has-didot-font-family has-large-font-size\" id=\"contact\">contact<\/p>\n\n\n\n<p class=\"has-didot-font-family has-xx-large-font-size\" style=\"line-height:1\">ems\u00e9e<\/p>\n\n\n\n<p class=\"has-arial-font-family has-small-font-size\" style=\"line-height:0\">19 rue Claude Bernard <\/p>\n\n\n\n<p class=\"has-arial-font-family has-small-font-size\" style=\"line-height:0\">75005 PARIS<\/p>\n\n\n\n<p class=\"has-arial-font-family has-small-font-size\" style=\"line-height:0\"><a href=\"mailto:office@emsee.fr\" target=\"_blank\" rel=\"noreferrer noopener\">office@emsee.fr<\/a><\/p>\n\n\n\n<p class=\"has-arial-font-family\" style=\"font-size:0.5rem\"><em><a href=\"https:\/\/emsee.fr\/index.php\/mentions\/\" data-type=\"page\" data-id=\"143\">mentions l\u00e9gales<\/a><\/em><\/p>\n\n\n\n<p class=\"has-text-align-right has-accent-4-color has-text-color has-link-color has-arial-font-family has-small-font-size wp-elements-eab46e285eca9118287a625902fef811\"><a href=\"https:\/\/emsee.fr\/index.php\/telechargement\/\" data-type=\"page\" data-id=\"310\">T\u00e9l\u00e9chargement<\/a><\/p>\n\n\n\n<p><\/p>\n","protected":false},"excerpt":{"rendered":"<p>ems\u00e9e d\u00e9marche intervention \u00e9quipe contact contact ems\u00e9e 19 rue Claude Bernard 75005 PARIS office@emsee.fr mentions l\u00e9gales T\u00e9l\u00e9chargement<\/p>\n","protected":false},"author":1,"featured_media":156,"parent":0,"menu_order":0,"comment_status":"closed","ping_status":"closed","template":"","meta":{"footnotes":""},"class_list":["post-82","page","type-page","status-publish","has-post-thumbnail","hentry"],"_links":{"self":[{"href":"https:\/\/emsee.fr\/index.php\/wp-json\/wp\/v2\/pages\/82","targetHints":{"allow":["GET"]}}],"collection":[{"href":"https:\/\/emsee.fr\/index.php\/wp-json\/wp\/v2\/pages"}],"about":[{"href":"https:\/\/emsee.fr\/index.php\/wp-json\/wp\/v2\/types\/page"}],"author":[{"embeddable":true,"href":"https:\/\/emsee.fr\/index.php\/wp-json\/wp\/v2\/users\/1"}],"replies":[{"embeddable":true,"href":"https:\/\/emsee.fr\/index.php\/wp-json\/wp\/v2\/comments?post=82"}],"version-history":[{"count":52,"href":"https:\/\/emsee.fr\/index.php\/wp-json\/wp\/v2\/pages\/82\/revisions"}],"predecessor-version":[{"id":378,"href":"https:\/\/emsee.fr\/index.php\/wp-json\/wp\/v2\/pages\/82\/revisions\/378"}],"wp:featuredmedia":[{"embeddable":true,"href":"https:\/\/emsee.fr\/index.php\/wp-json\/wp\/v2\/media\/156"}],"wp:attachment":[{"href":"https:\/\/emsee.fr\/index.php\/wp-json\/wp\/v2\/media?parent=82"}],"curies":[{"name":"wp","href":"https:\/\/api.w.org\/{rel}","templated":true}]}}